0
Let o(b) be the second derivative of b**5/20 - b**4/4 - b**3/2 + b**2/2 - b. Let p = 9 - 5. What is o(p)?
5
Suppose 0 = 4*i - 6 - 6. Let h(z) = 7 + i + z + 0. Suppose -5*x - 41 = -4*m, -m + 3*m = 8. Calculate h(x).
5
Suppose 3*c - 3*g = 2*c + 13, 3*g = -9. Let f(h) = h**3 - 7*h**2 + 6*h. Give f(c).
-24
Let t(i) be the third derivative of 1/120*i**6 - 1/4*i**4 - 1/15*i**5 - 2*i**2 + 0*i + 0 - 1/3*i**3. Suppose 3*s = 4*s - 5. What is t(s)?
-7
Let v(q) = -q - 2. Suppose 19 = -h + 12. Calculate v(h).
5
Let v be (2 - -3)*1/5. Suppose -v + 2 = -w. Let q(g) = g + 1. What is q(w)?
0
Let s(r) = -2*r**3 + r**2 - 1 + 1 + 3*r**3. Suppose -j = 5 - 14. Suppose 7 - 22 = y - 5*q, -2*y = 3*q - j. Calculate s(y).
0
Let q(w) = 4*w - 5. Suppose 0 = -5*n - 2*j - 2*j + 4, -n = -3*j - 16. Calculate q(n).
11
Let u(d) = -d**2 - d - 1. Let b(h) = -6*h**2 - 7*h + 1. Let q(f) = b(f) - 5*u(f). Determine q(-5).
-9
Let c(x) be the first derivative of -7*x**4/4 + x**3/3 - x + 46. Determine c(1).
-7
Let b(h) = -11*h**2 - 3*h - 1. Let t(n) = 5*n**2 + n. Let d(s) = 4*b(s) + 9*t(s). Suppose -2*y + p = -1, -2*y + 7 = 4*p - 3*p. Let l = 5 - y. Give d(l).
-4
Let c = -3 + 5. Suppose t - 3*a - 1 - 4 = 0, 2*a = -c*t + 2. Let f(m) = m**2 - m - 11 + 0*m**2 + 0*m**t. Determine f(0).
-11
Let d(v) = -v**2 + 5*v. Suppose 4*f = 5*n + 105, -5*n - 114 = -f - 9. Let i = n - -26. Calculate d(i).
0
Let z(y) = 2*y - 1. Let d(p) = -4*p + 6. Let m be d(3). What is z(m)?
-13
Let h(x) = x - 1. Let c be (-1 + 0)/(2/6). Let k be c*4*(-3)/6. Let o = k - 10. Determine h(o).
-5
Let b be (-2)/(4/(-8) + 0). Suppose -5*k - 17 = -4*c, -k = -b*k - 3*c + 6. Let j(t) = -2*t**2 + 1. Give j(k).
-1
Let j(l) = -3*l - 6. Let w(q) = 2. Let i(v) = -2*j(v) - 4*w(v). Calculate i(3).
22
Let x(j) = j**2 + j + 2. Let k be 2/3 + (-64)/(-3). Suppose -2 + 6 = q. Suppose q*l = -s - k, -2*l = 5*s - 3*l + 5. Determine x(s).
4
Suppose 7*g + 12 = -23. Let b(z) = -z + 5. Give b(g).
10
Let q(u) = u**2 + u - 2. Let y be (4/(-3))/(5/135). Let a be (y/45)/((-4)/10). Calculate q(a).
4
Let q(f) = -f**2 - 4*f + 2. Suppose -3*v - x = -1, -3*v + 0*x - 5 = -5*x. Suppose 3*g - 13 - 11 = v. Suppose 2*u + g = -l, 0*u + l = u + 7. Determine q(u).
-3
Suppose 2*z + 4*x - 24 = 0, 0*z + x - 21 = -3*z. Let k(p) = 3*p - p - z + p. Give k(4).
6
Let k(x) = -x**3 - 2*x**2 + 2*x. Let v be k(-3). Let h(n) = 2*n**3 + 3*n**3 + 2*n - 2 - 6*n**3 + 2*n**2. What is h(v)?
-5
Let n(h) = -3*h**2 + 4*h + 6. Let l(x) = 5*x**2 - 6*x - 9. Let p(w) = -5*l(w) - 7*n(w). Give p(-2).
-17
Let n(y) = y**2 + 7*y - 7. Suppose 2*k + 5*x = -21, -3*k = -4*x + 6*x + 26. Determine n(k).
1
Let i(r) = 11*r - 6. Let l(b) = -7*b + 4. Let y(x) = -5*i(x) - 8*l(x). Suppose 5*d - 3*f + 8 = -20, -2*d - 2*f - 24 = 0. Let z = -6 - d. Determine y(z).
0
Let r(k) = 8 - 1 - 4*k - 5. Determine r(3).
-10
Suppose -20 = 3*q + 2*q. Let z(k) = -k**3 - 4*k**2 + 2*k + 4. Determine z(q).
-4
Let l(h) = 6*h - 1. Suppose 4*b + 3*g = -0*g + 13, 3*b = -5*g + 7. Let k be (-2)/(-2) + 16/b. Let u(x) = 7*x. Let q(n) = k*u(n) - 6*l(n). What is q(5)?
1
Let a(g) = g**2 + 3*g - 1. Let h be (21/(-9))/((-1)/3). Let k = h - 11. Determine a(k).
3
Let y be 16/(-6) + (-2)/6. Let z(w) = 10*w + 3*w - 4 - 5*w - 8*w - w**2. Give z(y).
-13
Let i(p) = p**3 + 6*p**2 + 6*p. Let m(u) be the second derivative of u**5/20 - 2*u**4/3 - u**3/3 + 6*u**2 - 8*u. Let q be m(8). Calculate i(q).
8
Let r = 12 + -6. Let o(p) = p - 1. Let m be o(r). Let v(d) = d**3 - 4*d**2 - 2*d - 7. What is v(m)?
8
Let u(n) = -5*n + 4. Suppose -2*q = -4*z + 6, q = -4*z + 4*q + 3. What is u(z)?
-11
Let n(q) = -5*q + 10. Let c(b) = -b + 2. Let t(p) = -11*c(p) + 2*n(p). Let o be -3 + 5 - (-1 + -1). Determine t(o).
2
Let n(z) = -3*z**2 + 1 + 5*z**2 + 5*z + 0*z**2 - 3*z**2. Suppose 25 = -2*y + 5. Let p = 15 + y. Determine n(p).
1
Let g(r) = -r**2 - 13*r - 1. Let k(o) = -2*o**2 - 27*o - 2. Let i(b) = 13*g(b) - 6*k(b). Determine i(-6).
5
Suppose 10 = 5*x + 3*k, 0*x - 5*k = 4*x - 8. Let d = -2 - x. Let u(h) = h - 3. Calculate u(d).
-7
Let i(z) = -z**2 + 8*z - 4. Suppose -1 = 2*c + 33. Let s = c + 23. Determine i(s).
8
Let r = 17 - 12. Let l(m) = m - 11. Calculate l(r).
-6
Let y(h) be the first derivative of -7 + 3*h - 5/3*h**3 - 1/4*h**4 - 1/2*h**2. Calculate y(-5).
8
Let c(o) be the first derivative of 5*o**2/2 + 2*o - 7. Let v(y) be the third derivative of y**5/60 - y**4/6 + y**3/6 - y**2. Let h be v(3). Give c(h).
-8
Let y = 5 + -3. Let w(d) be the second derivative of d**5/20 - d**4/12 - d**3/3 + d**2 - 6*d. What is w(y)?
2
Suppose 2*m = 2 + 2. Suppose 4*q = -2 - m. Let p be 2 - 2/(q*2). Let c(r) = r - 2. Calculate c(p).
1
Let f(s) be the third derivative of -s**5/60 - s**4/3 + s**3/2 - 7*s**2. Determine f(-7).
10
Let k = 13 + 2. Suppose 4*i - k = v, i + 4*v - 25 = -0. Let m(u) = u**2 - 3*u + 2. What is m(i)?
12
Let n(r) = r**3 - r + 2. Let h be 1/2 - (-10)/4. Suppose -h*o = -3*p + 3 - 6, 4*o - p = 10. Suppose 0 = 7*y - o*y. Determine n(y).
2
Let p(r) = -8*r**2 + 2*r - 1. Suppose -3*q + 27 - 4 = 5*m, -4*q + m = 0. Determine p(q).
-7
Let i(k) = -3*k + 3. Let j be i(1). Let p(q) be the second derivative of j - 1/12*q**4 + 4*q**2 - 1/6*q**3 + 2*q. Calculate p(0).
8
Let b(l) be the first derivative of l**6/120 + l**4/24 + 7*l**3/6 - 3*l**2 - 2. Let x(a) be the second derivative of b(a). Calculate x(0).
7
Suppose 4*b + 35 = -3*q, -2*q = -6*q - b - 25. Let n = q - -1. Let y(s) = -s**2 - 2*s + 5. What is y(n)?
-3
Let q(h) be the third derivative of -1/60*h**5 + 0*h - 7/120*h**6 + 3*h**2 + 0 - 1/24*h**4 - 1/6*h**3. Give q(-1).
6
Let m(v) = -v - 22. Let y be m(-25). Let n(x) be the second derivative of x**5/20 - x**4/3 + 5*x**3/6 - x**2 + x. Give n(y).
4
Let y(g) = -2*g**2 - 10*g + 2. Let c(h) = h**2 + 5*h - 1. Let m(b) = -13*c(b) - 6*y(b). What is m(-5)?
1
Let k(r) = -r - 9. Let w(j) = 4*j**3 - j**2 - 5*j - 7. Let l(b) = -7*b**3 + 3*b**2 + 10*b + 13. Let f(c) = -3*l(c) - 5*w(c). Let n be f(5). What is k(n)?
-5
Suppose -9*l - 6 = -7*l. Let t(s) = s**2 + 3*s + 3. Let m be t(l). Let c(r) = r**3 - 3*r**2 + 3*r - 3. Give c(m).
6
Let s(p) = -p - 8. Let u(w) = -1. Let b(o) = -s(o) + 5*u(o). Let r be (-1)/(7 + -8 - 4/(-5)). What is b(r)?
8
Let p be -1 + (-3)/(1*-3). Let i = 1 + p. Let c(l) = -6*l**2 - l + 1. Determine c(i).
-6
Let i(d) = d**2 + d. Let q(g) = -g - 9. Let c be q(-5). Let a(t) = t**3 + 8*t**2 + 2*t - 5. Let f(r) = c*i(r) + a(r). Determine f(-4).
3
Let q = -3 - -3. Suppose 4*d + 2 = -b, -b - 3 + 1 = q. Let v(u) = -u**2. Let i(k) = -3*k**2 - k + 9. Let w(o) = -i(o) + 4*v(o). Calculate w(d).
-9
Let z be (-3)/(-1) - (-1 - -1). Suppose 2*g = 6*g, -5*a = z*g - 60. Let j = -7 + a. Let o(h) = -h + 1. Calculate o(j).
-4
Let t be 16/7 - 20/70. Let d(z) = -1 + 4*z - 8*z - 10*z**t + 4*z. Give d(1).
-11
Let b(o) = 0*o**2 + 3*o + 3*o - 2*o**2 + o**2 - 4. Let g = -14 - -20. Suppose -f + g = -0. Determine b(f).
-4
Let c(w) = -2*w**2 - 3*w. Let n be c(-2). Let h be n - (1 + 0/2). Let o = h + 0. Let f(u) = -u**2 - 4*u. Calculate f(o).
3
Let p be 4 - -1 - (2 - 2). Let y(q) be the first derivative of -q**2/2 + 6*q + 2. Determine y(p).
1
Let a(p) = -12*p**2 - p - 1. Suppose 11 = -8*w + 3. Give a(w).
-12
Let j(b) = 3*b + 4. Suppose 0 = -z + 8 - 3. Suppose w = z*t + 16, -8 = -2*w + 6*w - 2*t. Give j(w).
-8
Let r = -1 + 2. Let x be ((-4)/6 + r)*3. Let c(m) = m**3 + 2*m**2 - 1. What is c(x)?
2
Suppose 0 = -3*h - 24 + 18. Let n(w) = w**3 - 3*w - 3. Determine n(h).
-5
Suppose -3*n = u - 0*u - 16, 0 = n - 5*u - 16. Let k(o) = 1 - o + 2 + 6. Give k(n).
3
Let n = 7 + -11. Let p(b) = -3*b + b**2 - 2*b**2 - 128 + 132. Calculate p(n).
0
Let h(n) = 14*n + 6 - 3*n**2 - 10*n + 8*n**2 - 6*n**3 - 15*n. Let c(x) = -5*x**3 + 5*x**2 - 10*x + 5. Let r(k) = -5*c(k) + 4*h(k). Calculate r(4).
7
Let c(b) be the second derivative of b**3/3 + b**2/2 + 7*b. Determine c(-4).
-7
Let j(n) = n + 7. Let y = 0 - -1. Suppose y = -w + 2. Let x be (w - 3) + 0 + 2. Give j(x).
7
Let i(z) = -2*z + 3. Let s(v) = -6*v + 10. Let k(a) = -7*i(a) + 2*s(a). What is k(-4)?
-9
Let j(i) = 2*i**3 - i**2 + 2*i + 2. Let r(f) = -3*f**3 + 2*f**2 - 3*f - 2. Let c(a) = 4*j(a) + 3*r(a). Determine c(2).
0
Let h = 4 + -2. Let z(u) = 3 + u**3 + u + 0*u**2 + u**h + 2 - 4. Give z(-2).
-5
Let c(z) = 14*z**2 - z. Let m be (20*-1)/(-5) + -3. What i